?
True
Let l = 96953 + -53400. Is l a composite number?
True
Suppose -26*b - 6 = 202. Let q(l) be the second derivative of l**4/12 - l**3/3 + 3*l**2/2 + l. Is q(b) composite?
False
Suppose -4*y + 24 = -2*r, y + y = -2*r. Let a(j) = 21*j**2 - 2*j + 3. Let x be a(y). Is (-1)/(-4 - -3)*x a composite number?
False
Let p be 0/1 + (-1100)/(-2). Let q = 72 + p. Is q prime?
False
Let x = -2117 + 5524. Is x a composite number?
False
Let n(l) = 27*l + 9 - 29 + 7 + 14. Suppose 13 = 4*a + 1. Is n(a) a composite number?
True
Let f = -12 - -34. Is 21490/f - (-1)/(33/6) composite?
False
Let g = 15612 + -691. Is g a composite number?
True
Let w be (-15)/35 + (-94299)/(-21). Let l be w/12 - 1/6. Let b = -183 + l. Is b composite?
False
Let o(z) = -97*z**2 + z + 9. Let l(x) = 47*x**2 - x - 5. Let h(s) = -7*l(s) - 4*o(s). Let w be ((-2)/(-1))/(-2) - 2. Is h(w) prime?
True
Let t(s) = s**3 - s**2 - 7. Let n be t(0). Let r(x) = 20*x**2 - 4*x + 8. Let q be r(n). Let g = q - 723. Is g a composite number?
False
Let m(t) = -t + 13. Suppose q = -2*q + 39. Let r be m(q). Is 2 - (r - (184 + -1)) composite?
True
Let t(a) = -1825*a - 9. Is t(-2) prime?
False
Suppose 2*y = -c + 13, 3*y = 2*c - c + 17. Suppose 7*r + y - 251 = 0. Is r composite?
True
Suppose 3*b - 12864 = -3*j, 5*j - 21452 = -b - 0*b. Is j a prime number?
False
Suppose 9*g = 16*g - 28. Is ((-1)/(-2) - g)/((-2)/1324) a prime number?
False
Let i(k) = -k**2 - 9*k - 2. Let p be i(-6). Is 2 - (-8)/(p/2002) a composite number?
True
Suppose -3*m + 3*l = -2*l - 12, 3*m - 2*l - 12 = 0. Suppose 0 = -3*u + 4*n + 1155, -4*u + m*n = 7*n - 1565. Is u composite?
False
Suppose 653*j - 3148 = 649*j. Is j a composite number?
False
Let v = -357 - -968. Suppose -9 = -3*h - 0*h. Is v/h + (-16)/24 a composite number?
True
Let n(d) = 27*d - 4. Let t be n(-11). Let k = 600 + t. Is k composite?
True
Suppose 13*j + 17718 = 19*j. Suppose k - j - 1152 = 0. Is k prime?
False
Let p be 4869/15 + (-14)/(-35). Let m = p + -66. Is m a prime number?
False
Let q(n) = 1. Let w(d) = -d**2 + d + 2. Let l(c) = -3*q(c) + w(c). Let a be l(1). Is a/(3/(-2607)) + 0 composite?
True
Let o(m) = -1 - 3 + 14*m**2 + 0. Let i be o(-4). Suppose 5*h = h + i. Is h prime?
False
Let z(n) = -6*n - 13 + 5*n + 4*n + n**3 - 6*n**2. Is z(9) a composite number?
False
Let d(t) = t - 1. Let o(c) = 98*c + 2. Let j(g) = -6*d(g) - o(g). Let h be j(-4). Let z = h + -241. Is z a prime number?
True
Is 214593/24 - 3/8 a composite number?
False
Let f(v) be the second derivative of 5*v**4/12 + v**3/3 - 3*v**2/2 + 10*v. Let y be f(5). Let r = 221 - y. Is r composite?
False
Let o be 1/((-4)/(-8) + 0). Suppose 5*i = -o*f - 37, 1 - 4 = 3*i. Is (-4010)/f - (-6)/16 a prime number?
True
Is 63923 + 11 + (-9)/3 a composite number?
True
Let c(z) = 3*z**2 + 44*z - 58. Is c(-33) composite?
True
Suppose -x + 7*x = 12114. Is x a prime number?
False
Let k = 1941 + -1305. Is (k/24)/((-1)/(-2)) prime?
True
Let b be (-2 - -1)*-5 - 1. Suppose -2*h = -y - 937, b*y - h + 3693 = -4*h. Is 3/(-12) - y/12 a composite number?
True
Is (-118434)/(-4)*(5 + (-182)/42) composite?
False
Let a = -13 - -134. Suppose -5*h - 4*t = -704, h = -4*t + 7 + a. Let p = 335 - h. Is p prime?
True
Let m(r) = -11300*r + 371. Is m(-6) prime?
True
Suppose -b = -3*b - 4*b. Let f be 4/3*6/4. Suppose c - f*c = -4*w + 38, -w - c + 12 = b. Is w a prime number?
False
Let n be -1 + -277 + (-2 - -1 - -3). Is n/(-15) + (-9)/(-15) a prime number?
True
Suppose -271 - 73 = -2*u. Suppose -i = -5*i + u. Is i a composite number?
False
Let p(t) = -146*t - 41. Is p(-12) a prime number?
False
Let m(p) = -58*p - 5. Let f be m(-2). Let b be 4/(-14) - f/(-21). Suppose b*i = -284 + 1199. Is i composite?
True
Let f(d) = d**3 - 8*d**2 + 9*d + 5. Let y(i) be the first derivative of i**4/4 + 4*i**3/3 - 7*i**2/2 + i - 3. Let m be y(-5). Is f(m) composite?
False
Is (-6)/(-21) - ((-519805)/77 + -10) composite?
False
Suppose 6*j = 7*j. Suppose j*p = -2*p + 174. Is (p*1)/((-18)/(-12)) a prime number?
False
Suppose 1562*j - 1558*j = 43868. Is j a prime number?
False
Suppose 4 = 2*s - 3*s. Let a(y) be the second derivative of -10*y**3 - y**2/2 - 7*y. Is a(s) a composite number?
False
Let j = -29 - -28. Is (7 - 1768)*j/3 a composite number?
False
Suppose 4*u + 4*m = 44440, -2*u = -4*m - 19047 - 3191. Is u a prime number?
True
Let d = -131 - -208. Let x = 174 - d. Is x prime?
True
Let f(r) = 17*r + 22*r - 24*r - 4 - r**3 - 10*r**2. Let v be f(-13). Suppose 2*a = 6*j - 4*j + v, -5*j - 621 = -4*a. Is a prime?
True
Let f(i) = 15*i - 5. Let r(c) = c**3 - 3*c**2 + 2*c. Let z be r(2). Suppose -7*o + 12*o - 30 = z. Is f(o) prime?
False
Suppose 2*o - 9*o - 7 = 0. Is (-3 - (-1 + -831)/(-4))/o composite?
False
Let z(w) = 6800*w**2 - 7*w + 6. Is z(1) a composite number?
True
Let c = 35 - 27. Is 3/2 + 3364/c a composite number?
True
Suppose -14*h + 24564 = -2*h. Is h prime?
False
Let k = 5 - -3. Let f = 15 - -48. Let x = k + f. Is x a composite number?
False
Let d = -3 + -2. Let j(w) = -293*w - 9. Let t be j(d). Let z = -815 + t. Is z a prime number?
True
Suppose 0 = 26*l - 62676 - 11866. Is l a composite number?
True
Let y(g) = -99*g - 70. Let a be y(-19). Suppose 11*u - a = 950. Is u prime?
True
Is (66/(-44))/((-3)/58478) a prime number?
False
Let o(v) be the second derivative of 49*v**3 - 5*v**2/2 - 7*v. Is o(5) a prime number?
False
Let d(j) = 461*j**2 + j - 5. Let h(o) = 2*o**2 - o. Let i(x) = d(x) + 2*h(x). Is i(3) composite?
False
Suppose 15*t - 23364 = 176271. Is t a composite number?
False
Suppose 0*k + s - 12977 = -3*k, 0 = 3*k - s - 12985. Is k prime?
True
Let p = 7341 - 3982. Is p a composite number?
False
Let z(b) = -1602*b - 12. Let m be z(-8). Suppose -10*o - m = -22*o. Is o a composite number?
True
Suppose -936 = 5*r - 4*k, -r - 4*k = -4*r - 560. Let v = 755 - r. Is v a prime number?
False
Let v(f) = 4 + 10*f**2 - 6*f - 2*f**2 + 2*f - 3*f**2. Is v(3) composite?
False
Suppose -5*z = -30*z + 3025. Is z composite?
True
Let j = 2 - 7. Let g(r) = r**3 - 2*r**2 - 7*r - 7. Let a be g(j). Is 3 - a - 1/1 a composite number?
False
Suppose -3*k = -5*l - 37476, -k + 5788 + 6706 = -l. Is k prime?
True
Let f be -209 + 1/((-1)/3). Let b = -147 - f. Is b a prime number?
False
Suppose 4*a + 4*i = 1504, 2*a - 740 = 6*i - 5*i. Let b = -74 + a. Is b a composite number?
True
Let a = 105571 + -33450. Is a prime?
False
Let t = 6507 + 92. Is t a composite number?
False
Suppose 96*o = 86*o + 44130. Is o prime?
False
Let c(q) = 52*q - 26. Let l(b) = -53*b + 26. Let d(v) = 2*c(v) + 3*l(v). Is d(-11) a prime number?
True
Suppose -476 - 4362 = -b. Suppose 0 = -7*t + b + 335. Is t a composite number?
False
Suppose -5*f + 3040 = -2*y, 3*y = f - y - 626. Suppose -382 - f = -4*i. Is i prime?
False
Is -1348*(-68)/32*2 composite?
True
Is 10/(-35) + (-160584)/(-14) + 1 composite?
False
Let g(b) = 3677*b + 32. Is g(1) composite?
False
Suppose 0 = 11*r - 28106 - 80805. Is r prime?
True
Suppose 15*y = 20*y - 173905. Is y a composite number?
False
Is (-5)/(-6) - (-2148792)/144 a prime number?
True
Suppose 778 = -0*t + 2*t. Suppose t = k - 566. Is k composite?
True
Let a be -1 - 0 - (-3)/(15/50). Let s(r) = -100*r - 13. Let t(b) = -301*b - 39. Let o(z) = -7*s(z) + 2*t(z). Is o(a) a prime number?
False
Let s(f) = 5*f - 1. Let l(m) = m**3 + 16*m**2 + 3*m - 6. Let h(o) = -o**3 - 15*o**2 - 4*o + 7. Let z(p) = 6*h(p) + 5*l(p). Let x be z(-9). Is s(x) prime?
True
Let p(n) = 78*n + 1. Let h be (-9)/(-4)*(-88)/33. Let v be 9/h*(-2)/3. Is p(v) composite?
False
Is (-724514)/(-112) - 1*(-1)/8 prime?
True
Suppose -5*b + 1179 = 79. Suppose -b = p + 4*p. Let n = p + 75. Is n a composite number?
False
Suppose 0 = 4*g - 5*c - 3560, -g - 4*c - 155 + 1045 = 0. Suppose 0 = -l + g + 784. Suppose -5*n - 359 = -l. Is n a composite number?
False
Suppose 12*v = 15*v - 4083. Is v composite?
False
Let j be (43/3)/((-9)/(-135)). Let w = 228 + j. Is w a composite number?
False
Let m(t) be the third derivative of 17*t**5/10 - t**4/24 - t**3/3 + 5*t**2. Is m(3) composite?
True
Let k be (-6)/(-2 + 7/2). Is (-2 + (-10)/k)*1266 prime?
False
Let w be -5 + (-259 - 0) + 5. Let o = 948 - w. Is o composite?
True
Suppose 0 = o + 3709 - 10830. Is o a composite number?
False
Let q be 3*2 + (-2 - 0). Let n be 2/q + 78/(-12). Is (7 + n)/(